{"version":"1.0","provider_name":"Webzine auto BYmyCAR","provider_url":"https:\/\/www.bymycar.fr\/webzine","author_name":"Gregoire LE BIHAN","author_url":"https:\/\/www.bymycar.fr\/webzine\/author\/g-lebihan\/","title":"Logo BMW : histoire et signification","type":"rich","width":600,"height":338,"html":"<blockquote class=\"wp-embedded-content\" data-secret=\"nZ46V5tazL\"><a href=\"https:\/\/www.bymycar.fr\/webzine\/logo-bmw-histoire-et-signification\/\">Logo BMW : histoire et signification<\/a><\/blockquote><iframe sandbox=\"allow-scripts\" security=\"restricted\" src=\"https:\/\/www.bymycar.fr\/webzine\/logo-bmw-histoire-et-signification\/embed\/#?secret=nZ46V5tazL\" width=\"600\" height=\"338\" title=\"\u00ab\u00a0Logo BMW : histoire et signification\u00a0\u00bb &#8212; Webzine auto BYmyCAR\" data-secret=\"nZ46V5tazL\" frameborder=\"0\" marginwidth=\"0\" marginheight=\"0\" scrolling=\"no\" class=\"wp-embedded-content\"><\/iframe><script type=\"text\/javascript\">\n\/* <![CDATA[ *\/\n\/*! This file is auto-generated *\/\n!function(d,l){\"use strict\";l.querySelector&&d.addEventListener&&\"undefined\"!=typeof URL&&(d.wp=d.wp||{},d.wp.receiveEmbedMessage||(d.wp.receiveEmbedMessage=function(e){var t=e.data;if((t||t.secret||t.message||t.value)&&!\/[^a-zA-Z0-9]\/.test(t.secret)){for(var s,r,n,a=l.querySelectorAll('iframe[data-secret=\"'+t.secret+'\"]'),o=l.querySelectorAll('blockquote[data-secret=\"'+t.secret+'\"]'),c=new RegExp(\"^https?:$\",\"i\"),i=0;i<o.length;i++)o[i].style.display=\"none\";for(i=0;i<a.length;i++)s=a[i],e.source===s.contentWindow&&(s.removeAttribute(\"style\"),\"height\"===t.message?(1e3<(r=parseInt(t.value,10))?r=1e3:~~r<200&&(r=200),s.height=r):\"link\"===t.message&&(r=new URL(s.getAttribute(\"src\")),n=new URL(t.value),c.test(n.protocol))&&n.host===r.host&&l.activeElement===s&&(d.top.location.href=t.value))}},d.addEventListener(\"message\",d.wp.receiveEmbedMessage,!1),l.addEventListener(\"DOMContentLoaded\",function(){for(var e,t,s=l.querySelectorAll(\"iframe.wp-embedded-content\"),r=0;r<s.length;r++)(t=(e=s[r]).getAttribute(\"data-secret\"))||(t=Math.random().toString(36).substring(2,12),e.src+=\"#?secret=\"+t,e.setAttribute(\"data-secret\",t)),e.contentWindow.postMessage({message:\"ready\",secret:t},\"*\")},!1)))}(window,document);\n\/* ]]> *\/\n<\/script>\n","thumbnail_url":"https:\/\/www.bymycar.fr\/webzine\/wp-content\/uploads\/2017\/07\/BMW-LOGO-2.jpg","thumbnail_width":1257,"thumbnail_height":835,"description":"Aux d\u00e9buts de la marque, le logo de BMW n\u2019avait pas r\u00e9ellement d\u2019importance. En effet, l\u2019activit\u00e9 de BMW \u00e0 ses balbutiements ne n\u00e9cessitait pas vraiment d\u2019attirer des clients finaux. Toutefois, la soci\u00e9t\u00e9 a \u00e9volu\u00e9, et le logo avec. Aujourd\u2019hui, le logo de BMW est l\u2019un des plus connus au monde entier."}

Aux débuts de la marque, le logo de BMW n’avait pas réellement d’importance. En effet, l’activité de BMW à ses balbutiements ne nécessitait pas vraiment d’attirer des clients finaux. Toutefois, la société a évolué, et le logo avec. Aujourd’hui, le logo de BMW est l’un des plus connus au monde entier.
